. Calculate the remainder when p is divided by s.
7
Let o = 6 - 4. Calculate the remainder when 5 + 60 - (1 + -1) is divided by 1/o + 132/8.
14
Suppose -5*m + 5*j - 2*j + 48 = 0, -j - 1 = 0. Calculate the remainder when 0 + 101/4 + 3/4 is divided by m.
8
Suppose 1 = -2*x - a, -4 = x + a + 3*a. Suppose x = -15*q + 11*q + 24. What is the remainder when 27 is divided by q?
3
Suppose 705 = 21*h - 618. What is the remainder when 438 is divided by h?
60
Suppose -39*q - 37 = -41*q - 3*l, 2*q + 5*l = 31. Calculate the remainder when q is divided by 7.
2
Suppose 0 = 4*k - 2*p - 6, -3*p = -2*k - k + 3. Suppose -146 = -4*d - 2*v, 3*d - k*v = v + 87. What is the remainder when 100 is divided by d?
32
Let r(q) = 15*q - 51. What is the remainder when 47 is divided by r(5)?
23
Let v = 142 + -136. Calculate the remainder when 8 is divided by v.
2
Suppose 6*w - 188 = -80. Let j be (1/(-1))/(-1) + 2. Suppose 2*b - 35 = -5*p, j*p - 4*b + 3 + 2 = 0. What is the remainder when w is divided by p?
3
Let c(q) = -161*q + 2267. Let z = -9 + 32. What is the remainder when z is divided by c(14)?
10
Let q(g) = g**2 + 11*g - 16. Let l = 10 + -23. Calculate the remainder when 37 is divided by q(l).
7
Suppose -4*w + p = -808, 19*p - 15*p + 619 = 3*w. Calculate the remainder when w is divided by 7.
5
Suppose -2*p = -3*t + 3, 0 = -0*p + p. Let b(c) = 3*c**3 - 2*c + 1. Let x = 2097 + -2087. Calculate the remainder when x is divided by b(t).
0
Let c = 34 - -36. Suppose -592 = 52*h - 68*h. What is the remainder when c is divided by h?
33
Suppose -3*s + 8 = -4*j - 8, 20 = 4*j. What is the remainder when 118 is divided by s?
10
Suppose -4*b - 4*o - 740 = 0, 0*o + 910 = -5*b - 2*o. Let k = b - -258. Calculate the remainder when k is divided by 40.
38
Let m = -5461 + 5469. Suppose -b + 0*b - 189 = -5*o, b = 4*o - 152. Calculate the remainder when o is divided by m.
5
Suppose -5*u = -126 + 31. Suppose 4*c + 12 = 0, -18*k + 20*k + 3*c - 5 = 0. What is the remainder when u is divided by k?
5
Let l(j) = -297 - j**2 + 275 - 15*j + j**3 - 6*j**2. What is the remainder when 10 is divided by l(9)?
0
Let x(o) = o**3 - 10*o**2 + 3*o + 80. Calculate the remainder when x(13) is divided by 105.
101
Let r(a) = -44*a - 78. Calculate the remainder when r(-3) is divided by 4.
2
Suppose 4*w - 2037 = -1513. Calculate the remainder when w is divided by 68.
63
Suppose -5*l - 7 = -162. What is the remainder when 276 is divided by l?
28
Suppose w = 202 + 54. What is the remainder when w is divided by 137?
119
Suppose 3*m = -5*x + 6, 7*m = 3*x + 4*m + 6. Suppose 4*z = -x*z + 20. What is the remainder when (1 + -2)*(-3 + -6) is divided by z?
4
Let v be (((-87)/(-2))/3)/((-21)/(-462)). Suppose -5*f = 4*c - v, -2*f = 2*c - 0*c - 128. Calculate the remainder when 122 is divided by f.
59
Suppose p - 6 = -3. Suppose -f + 46 = -p*m, 4*f - 5*m - 154 = -5. What is the remainder when f is divided by ((-32)/(-10))/((-18)/15)*-3?
7
Suppose -2220 = -386*v + 366*v. Calculate the remainder when 114 is divided by v.
3
Let f be ((-17)/(-2) - 0)*34. Suppose 3*r - 5*y + 559 = 0, -66 - 118 = r - 4*y. Let j = r + f. Calculate the remainder when j is divided by 26.
23
Let n(w) = w**2 + 3*w. Let c be n(5). Suppose -2*t + j = -c, 2*j + 6 + 32 = 2*t. Suppose 9*s + 4*s = 156. Calculate the remainder when t is divided by s.
9
Let i be (10/(-10))/((-2)/10). Suppose i*z - 155 - 30 = 0. Calculate the remainder when 71 is divided by z.
34
Let g be ((-42)/8)/(2/24). Let z = g + 90. Suppose z = b + 2*b. Calculate the remainder when 26 is divided by b.
8
Suppose -5*m + 260 = -4*u + 96, 4*m = -3*u + 125. Let c = 27 - 24. Suppose c*t - 14 = t. What is the remainder when m is divided by t?
4
Let p(a) = -8*a + 4. Let k(w) = w**2 + 8*w - 3. Let l be k(-8). What is the remainder when p(l) is divided by (16/(-12))/(4/(-30))?
8
Let f = 547 + -483. What is the remainder when 197 is divided by f?
5
Let m(s) = 21*s + 262. What is the remainder when m(-7) is divided by 17?
13
Suppose -24 = -3*s - 5*t, s - 5*t - 12 = -8*t. Suppose 0 = -s*o + 254 + 88. What is the remainder when o is divided by 29?
27
Let d be 4*(1 - 2)/(-1). Calculate the remainder when 20 is divided by 4 - ((-8)/d - 1).
6
Let o be -3 + 1 - (-4 - -2). Let b = 449 - o. Suppose -3*z - 167 = -b. Calculate the remainder when z is divided by 24.
22
Calculate the remainder when 2823/18 - (-2)/12 is divided by 40.
37
Let x be -1 - (24/(-18))/((-2)/(-3)). Calculate the remainder when 7 is divided by (0 - 1/x)/(3/(-18)).
1
Let h(z) = -11*z + 4. Suppose 0*u - 72 = -4*u + 4*t, u - 26 = 3*t. What is the remainder when h(-3) is divided by u?
9
Let f(i) be the first derivative of -20*i**2 - 11*i + 35. What is the remainder when f(-1) is divided by 15?
14
Let u(t) = 7*t**3 - t**2 + 2*t - 2. Let k(y) = -y**3 - 7*y**2 - 7*y - 4. Let g be k(-6). What is the remainder when u(g) is divided by 19 + -7 + -1 - -3?
12
Let m be 6/(-2) + -129 + 8. Let s = -38 - m. What is the remainder when s is divided by 10?
6
Let y be (1/2)/(717/(-180) - -4). Calculate the remainder when (-28)/6*y/(-7) is divided by 3.
2
Suppose -20*v - 4*c = -24*v + 164, -5*c = 15. What is the remainder when v is divided by 4?
2
Let x be 23/4 + (-16)/(-64). Suppose 3*n + 61 = 2*i, -i + 2*n = -x*i + 143. Let m(u) = u**3 - 3*u**2 - u - 4. What is the remainder when i is divided by m(4)?
5
What is the remainder when (209/3)/((-95)/(-285)) is divided by 35?
34
Let x = -23 - -28. Suppose x*u + 4*a + 4 = 136, -3*u + 80 = 2*a. What is the remainder when 81 is divided by u?
25
Let j(d) = 10*d + 9*d**2 - 3 - 13*d**2 + 3*d**2. Let b be j(7). Let o = -3 + b. What is the remainder when 57 is divided by o?
12
Suppose 5*f + 4*s = 800, -453 = -4*f + f + 3*s. What is the remainder when f is divided by 16?
12
Let h = -304 + 458. Calculate the remainder when h is divided by 24.
10
Suppose -5*p - 119 = -639. What is the remainder when 202 is divided by p?
98
Suppose 2*w + 4*g - 2430 = 0, -4*w - 2*g + 130 = -4754. Calculate the remainder when w is divided by 36.
35
Let d(z) = -2*z**2 - 8*z + 17. Let h be d(4). Let w = -18 - h. Calculate the remainder when 115 is divided by w.
28
Let w(p) = p**3 + 14*p**2 - p - 20. Let u be w(-14). Suppose -55 + 7 = -4*m. What is the remainder when 2/12 - 281/u is divided by m?
11
Suppose 2*i - 170 = 4*h, -51*h + 91 = i - 56*h. What is the remainder when i is divided by 45?
36
Let m(d) = -21*d + 136. Calculate the remainder when 33 is divided by m(6).
3
Let n be 12/(-16)*(-16)/6. Suppose -4*x = -3*j + 95, x - 5*x + 30 = n*j. Calculate the remainder when j is divided by 4.
1
Suppose -3*q - 198 = -5*l, -4*l + 7*q + 148 = 2*q. Calculate the remainder when 83 is divided by l.
41
Let g(l) = l**2 - 2*l + 5. Calculate the remainder when 36 is divided by g(4).
10
Let l(y) = -y**2 - 8*y + 5. Suppose 2*o = 4*o - 4, q + 5*o - 11 = 0. Calculate the remainder when (-1 - q)*(-51)/9*3 is divided by l(-7).
10
Let c = 115 + -69. Suppose 3*a + c = 4*u + a, -5*u + 60 = -5*a. Let p(s) = -4*s + 83. What is the remainder when p(10) is divided by u?
10
Suppose -4*p = 3*x - 474, 3*p - 480 = -3*x + p. Calculate the remainder when x is divided by 55.
52
Calculate the remainder when 6 is divided by (-4*1/(-2))/1.
0
Let g(p) = p**3 - 7*p**2 + p - 2. Let f = 5 + 2. Calculate the remainder when 18 is divided by g(f).
3
Let k = 194 - 174. What is the remainder when 73 is divided by k?
13
Suppose -5*k + 45 = 4*k. Calculate the remainder when 19 - k*(-3)/(-5) is divided by ((-4)/(-10))/((-2)/(-30)).
4
Let a be 46*(3/(-6) - -1). Suppose 19*g = a*g - 24. What is the remainder when 39 is divided by g?
3
Suppose 10*p - 55 - 105 = 0. What is the remainder when 126 is divided by p?
14
Let p = -63 - -77. Let m = 38 - p. Calculate the remainder when m is divided by 13.
11
Let m = -2 - -8. Suppose r + 10 = m*r. Suppose -r*w = 4*w - 36. Calculate the remainder when 16 is divided by w.
4
Suppose -5*r + 64 = 5*q - 2*q, 5*r + 4*q - 62 = 0. Let f be (-28)/98 + (-10)/r. Calculate the remainder when 33 is divided by (f/3)/(6/(-324)).
15
Let d be ((-36)/(-8))/(1/(-2)). Let q(x) = -x**3 + 25*x**2 - 44*x - 17. Calculate the remainder when 117 - (-3)/(d/6) is divided by q(23).
28
What is the remainder when 177 is divided by (48 + -40)*(15/6 + 0)?
17
Suppose 0*v = -2*j + 4*v, 